718*t + 40458. Give g(23).
-2759
Let w(m) = 2*m**3 + 636*m**2 + 12478*m + 1199. What is w(-297)?
11
Let a(p) = 4*p**3 + 29*p**2 - 34*p - 381. Determine a(-7).
-94
Let o(f) = -222*f**2 - 7792*f - 652. Calculate o(-35).
118
Let w(s) = -3821*s + 26646. Determine w(7).
-101
Let r(g) = -2*g**2 + 27820*g - 111256. Calculate r(4).
-8
Let d(v) = 2710*v + 34563. Determine d(-13).
-667
Let m(q) = -5*q**3 + 198*q**2 + 50*q + 1205. Calculate m(40).
5
Let b(w) = -7*w**3 + 20*w**2 + 125*w - 559. What is b(4)?
-187
Let d(b) = -4*b**2 - 161*b + 7549. Give d(-67).
380
Let y(o) = 2*o**3 + 177*o**2 + 527*o - 1766. What is y(2)?
12
Let j(x) = -50*x - 1348. Calculate j(-25).
-98
Let d(v) = -2*v**3 + 3*v**2 + 447*v - 3294. What is d(7)?
-704
Let c(d) = 576*d - 62230. Calculate c(108).
-22
Let d(m) = -2427*m - 622. Calculate d(1).
-3049
Let q(n) = 2*n**3 + 30*n**2 + 25*n - 109. Calculate q(-5).
266
Let k(v) = 2108736*v + 2108745. What is k(-1)?
9
Let x(i) = 69072*i - 3591733. Give x(52).
11
Let y(o) = 43*o - 2896. Determine y(58).
-402
Let v(n) = 365963*n + 1463846. Determine v(-4).
-6
Let l(p) = -204*p**2 + 871*p - 16. Give l(5).
-761
Let s(j) = 35*j**3 - 109*j**2 - 790*j + 2407. Calculate s(3).
1
Let u(l) = 7346*l + 36708. Calculate u(-5).
-22
Let v(r) = 1129*r + 115. What is v(-1)?
-1014
Let m(j) = 169*j**2 - 15381*j + 30. Determine m(91).
-152
Let g(c) = 78*c + 62879. Give g(-806).
11
Let g(v) = 47*v + 4954. What is g(-102)?
160
Let x(s) = -611*s + 24611. Determine x(37).
2004
Let l(k) = k**2 + 288*k - 3643. What is l(12)?
-43
Let q(n) = n**3 - 12*n**2 - 39*n + 180. Give q(14).
26
Let z(k) = 16*k**2 - 74*k + 143. Give z(7).
409
Let s(x) = -3*x**2 - 9542*x - 38122. Give s(-4).
-2
Let k(t) = -15*t**2 + 1279*t + 200. Calculate k(85).
540
Let w(p) = 20*p**2 - 137*p - 196. Calculate w(7).
-175
Let x(h) = 30440*h + 121924. Determine x(-4).
164
Let j(r) = 7*r**2 + 2323*r + 28503. Give j(-319).
-207
Let i(s) = 13306*s + 638719. Determine i(-48).
31
Let z(w) = 9*w**2 + 363*w - 69. Determine z(-39).
-537
Let b(l) = -47*l**2 + 48*l + 76. Determine b(-2).
-208
Let f(z) = -723*z**2 - 12192*z + 1687. Give f(-17).
4
Let o(t) = 215855*t**2 + 647566*t + 9. What is o(-3)?
6
Let c(t) = -182*t**2 - 1166*t - 454. What is c(-6)?
-10
Let o(z) = 7*z**3 + 24*z**2 - 155*z - 546. Give o(-4).
10
Let a(g) = 9*g**3 - 101*g**2 - 66*g + 845. Determine a(11).
-123
Let q(y) = 64*y**2 - 386*y + 762. What is q(2)?
246
Let d(w) = -3*w**3 - 19*w**2 - 37*w + 104. What is d(-5)?
189
Let y(x) = -2391*x - 12135. Determine y(-5).
-180
Let r(y) = 41337*y**2 - 82665*y - 11. What is r(2)?
7
Let d(y) = -y**3 - 78*y**2 + 13249*y + 1002321. Give d(-74).
-9
Let y(s) = 24*s**2 + 453*s - 2288. Calculate y(-23).
-11
Let u(r) = -213*r**2 - 506*r + 14. Give u(-3).
-385
Let h(i) = i**3 + 209*i**2 - 1068*i + 832. Calculate h(-214).
404
Let n(f) = -f**2 + 3061*f - 847845. Determine n(308).
79
Let g(q) = 765*q - 151506. Give g(199).
729
Let k(u) = -9128*u + 54866. Give k(6).
98
Let k(y) = -y**3 - 26*y**2 + 79*y + 106. Determine k(-25).
-2494
Let f(g) = -2849*g + 29191. Calculate f(10).
701
Let d(q) = 92152*q + 368595. Give d(-4).
-13
Let z(q) = -q**3 + 15*q**2 + 18116*q - 163537. What is z(9)?
-7
Let c(t) = -t**3 + 122*t**2 - 110*t - 865. Determine c(121).
466
Let v(x) = -7*x**2 - 2. Give v(4).
-114
Let l(a) = -107*a**2 - 226*a + 916. Determine l(4).
-1700
Let h(a) = -a**3 - 389*a**2 + 952*a + 66457. What is h(-391)?
-13
Let m(x) = 3*x**2 - 871*x - 8886. What is m(300)?
-186
Let b(g) = 3*g**3 + 33*g**2 + 1382*g + 7759. What is b(-6)?
7
Let q(h) = -3*h**2 + 22944*h + 45900. Determine q(-2).
0
Let y(q) = -600*q - 81621. Calculate y(-136).
-21
Let j(q) = q**3 + 61*q**2 + 32*q - 8252. What is j(-58)?
-16
Let i(q) = -q**3 + 48*q**2 + 588*q - 458. Calculate i(58).
6
Let y(d) = -d**2 + 2537312*d - 7611929. Determine y(3).
-2
Let n(c) = -3417723*c + 68354471. Determine n(20).
11
Let z(f) = -3*f**3 - 69*f**2 + 503*f + 11989. Give z(-23).
420
Let p(x) = -x**3 + 1500*x**2 + 83780*x + 211338. Determine p(1554).
-6
Let b(a) = -256*a + 4103. Give b(16).
7
Let g(k) = k**3 - 118*k**2 - 4516*k - 15359. What is g(149)?
-12
Let k(l) = -8*l**2 + 31*l + 1333. Calculate k(15).
-2
Let n(w) = -1170*w + 617758. Give n(528).
-2
Let d(w) = -6*w**3 + 32*w**2 - 44*w - 36. What is d(8)?
-1412
Let a(b) = 578*b**2 + 5765*b - 172. What is a(-10)?
-22
Let h(i) = i**3 + 39*i**2 + 198*i + 379. What is h(-14)?
2507
Let j(i) = 61*i**2 - 967*i - 95. What is j(16)?
49
Let j(f) = -202*f + 2646. What is j(12)?
222
Let v(j) = 26151*j - 104549. What is v(4)?
55
Let h(m) = m**3 + 15*m**2 - 650*m + 40. Calculate h(-34).
176
Let m(w) = 746639*w + 15679413. What is m(-21)?
-6
Let f(b) = 6*b**3 - 408*b**2 + 3781*b - 1093. Determine f(57).
-10
Let t(i) = -i**3 - 31*i**2 + 17*i - 538. Calculate t(-32).
-58
Let u(m) = 27548*m - 440771. Calculate u(16).
-3
Let h(i) = 216*i + 46827. Give h(-217).
-45
Let s(t) = -1573*t**2 + 80215*t + 442. Calculate s(51).
34
Let w(c) = 9*c**2 + 237*c + 328. Calculate w(-19).
-926
Let f(b) = -57*b - 3719. Give f(-65).
-14
Let q(b) = 32258*b + 2161257. Give q(-67).
-29
Let g(i) = 9*i**3 + 2*i**2 - 99*i + 729. Determine g(7).
3221
Let l(g) = -g**2 + 13*g + 1936. Give l(-50).
-1214
Let v(n) = 69*n**2 + 83*n + 89. Determine v(7).
4051
Let z(o) = 364*o - 206755. Calculate z(568).
-3
Let y(q) = -q**2 - 10*q + 399398. Calculate y(-637).
-1
Let g(w) = -w**3 - 110*w**2 - 3030*w - 304. Give g(-53).
173
Let y(w) = w**3 - 10*w**2 + 29*w - 58. Determine y(12).
578
Let n(d) = 359*d**2 + 715*d - 58. Calculate n(-2).
-52
Let y(l) = -5*l**3 - 41*l**2 + 88*l + 872. Determine y(-8).
104
Let z(f) = -10*f**3 - 1683*f**2 - 502*f + 549. Calculate z(-168).
213
Let o(j) = 84*j**2 - 837*j - 48. What is o(10)?
-18
Let j(m) = -m**3 - 12*m**2 + 330*m + 2223. Calculate j(-6).
27
Let k(w) = -2735*w - 8306. Determine k(-3).
-101
Let s(z) = 6*z**3 + 226*z**2 + 1036*z + 32798. Give s(-37).
-58
Let d(z) = -33*z**2 + 1116*z + 16962. Determine d(-15).
-7203
Let c(z) = 20*z**2 + 6475*z + 4850. What is c(-323)?
5
Let z(r) = -r**3 - 752*r**2 - 11057*r - 1479. What is z(-737)?
-5
Let f(d) = d**3 - 24*d**2 - 25*d + 898. What is f(23)?
-206
Let t(x) = 2042*x - 156831. Determine t(77).
403
Let u(w) = 30*w**2 + 47*w - 2040. What is u(7)?
-241
Let b(o) = -25*o + 86. Determine b(23).
-489
Let o(j) = 384*j + 308. What is o(-2)?
-460
Let b(r) = 5*r + 92. What is b(-79)?
-303
Let u(i) = 338371*i + 35528948. Calculate u(-105).
-7
Let s(h) = 10956*h + 865548. What is s(-79)?
24
Let n(k) = -232*k + 33479. Give n(150).
-1321
Let n(a) = -201*a + 5424. Give n(26).
198
Let h(u) = -u**3 + 609*u**2 - 65004*u + 775. Determine h(138).
-53
Let c(z) = -309*z**2 + 26284*z - 152. What is c(85)?
1463
Let k(c) = 27*c + 2348. What is k(-117)?
-811
Let c(w) = 428*w**2 - 37660*w - 200. Determine c(88).
152
Let m(f) = 6*f**2 - 1347*f - 5977. What is m(227)?
-2572
Let z(h) = 302*h**2 - 950*h + 9. Calculate z(3).
-123
Let y(r) = -r**3 - 145*r**2 + 15620*r - 525. Calculate y(-217).
343
Let c(o) = 12635*o + 75895. Determine c(-6).
85
Let u(b) = -4*b**2 + 343*b + 8. Calculate u(86).
-78
Let m(f) = 2*f**2 - 181*f + 1195. Give m(7).
26
Let t(j) = -j**3 + 118*j**2 - 153*j + 47015. Calculate t(120).
-145
Let a(n) = -26*n**2 - 960*n - 1372. What is a(-34)?
1212
Let b(z) = -27*z + 1523. Calculate b(31).
686
Let z(k) = 16*k**3 + 803*k**2 + 154*k + 215. Give z(-50).
15
Let f(p) = 2*p**3 + 34*p**2 - 508*p - 8643. Calculate f(-17).
-7
Let g(p) = 10*p**3 + 20*p**2 - 959*p - 3812. Determine g(-4).
-296
Let n(f) = f**2 + 1238*f - 1833940. Calculate n(870).
20
Let j(u) = -u**3 - 234*u**2 - 478*u - 3219. What is j(-232)?
29
Let r(b) = -354*b - 82575. Calculate r(-233).
-93
Let u(v) = -31173*v + 93296. Determine u(3).
-223
Let u(f) = 1820*f + 1834583. What is u(-1008)?
23
Let p(o) = -o**3 + 30*o**2 - 160*o + 2215. Determine p(27).
82
Let j(r) = 135*r + 3948. Calculate j(-45).
-2127
Let z(c) = -2*c**2 + 353*c - 7471. Give z(152).
-23
Let d(c) = -679*c + 100519. Calculate d(148).
27
Let t(z) = -19139*z + 4191443. Give t(219).
2
Let u(a) = -119*a**2 + 294*a - 1468. Give u(5).
-2973
Let u(v) = v**3 + 218*v**2 + 3398*v - 3161. Give u(-201).
658
Let u(h) = 55952*h + 279762. Give u(-5).
2
Let d(q) = 2*q**3 + 372*q**2 + 14707*q - 187